{"id":1251,"date":"2022-10-06T23:50:40","date_gmt":"2022-10-06T21:50:40","guid":{"rendered":"http:\/\/psychoterapia.jestemija.pl\/?page_id=1251"},"modified":"2026-03-09T12:11:05","modified_gmt":"2026-03-09T11:11:05","slug":"doradca-zawodowy","status":"publish","type":"page","link":"http:\/\/psychoterapia.jestemija.pl\/index.php\/doradca-zawodowy\/","title":{"rendered":"Doradca zawodowy"},"content":{"rendered":"\n<p class=\"has-light-green-cyan-background-color has-text-color has-background\" style=\"color:#011a25\"><strong>Maja Mazurkiewicz-Obst<\/strong>\n<span style=\"float:right\"><span class=\"collapseomatic \" id=\"id6a0505378f179\"  tabindex=\"0\" title=\"\"    ><\/span><div id=\"target-id6a0505378f179\" class=\"collapseomatic_content \">\n\n\n\n<div class=\"wp-block-group\"><div class=\"wp-block-group__inner-container is-layout-flow wp-block-group-is-layout-flow\">\n<div class=\"wp-block-image\"><figure class=\"alignright size-large is-resized\"><img loading=\"lazy\" decoding=\"async\" src=\"http:\/\/psychoterapia.jestemija.pl\/wp-content\/uploads\/2022\/09\/Maja-Obst-1024x684.jpg\" alt=\"\" class=\"wp-image-1154\" width=\"375\" height=\"250\" srcset=\"http:\/\/psychoterapia.jestemija.pl\/wp-content\/uploads\/2022\/09\/Maja-Obst-1024x684.jpg 1024w, http:\/\/psychoterapia.jestemija.pl\/wp-content\/uploads\/2022\/09\/Maja-Obst-300x200.jpg 300w, http:\/\/psychoterapia.jestemija.pl\/wp-content\/uploads\/2022\/09\/Maja-Obst-768x513.jpg 768w, http:\/\/psychoterapia.jestemija.pl\/wp-content\/uploads\/2022\/09\/Maja-Obst-1536x1025.jpg 1536w, http:\/\/psychoterapia.jestemija.pl\/wp-content\/uploads\/2022\/09\/Maja-Obst-2048x1367.jpg 2048w\" sizes=\"auto, (max-width: 375px) 100vw, 375px\" \/><\/figure><\/div>\n\n\n\n<p><strong>psycholog, trener grupowy,&nbsp;doradca zawodowy, job coach<\/strong><\/p>\n<\/div><\/div>\n\n\n\n<ul class=\"wp-block-list\"><li>Psycholog ze specjalizacj\u0105 psychologia og\u00f3lna i psychodiagnostyka (Uniwersytet Kardyna\u0142a Stefana Wyszy\u0144skiego w Warszawie ) Uko\u0144czy\u0142a studia podyplomowe z przygotowania pedagogicznego na Uniwersytecie Szczeci\u0144skim, aktualnie ko\u0144czy kierunek : job\u2013coaching &#8211; nowoczesne doradztwo zawodowe w Szkole Wy\u017cszej Psychologii Spo\u0142ecznej w Warszawie (SWPS) <br><\/li><\/ul>\n\n\n\n<ul class=\"wp-block-list\"><li>Certyfikowany trener grup warsztatowych (Szko\u0142a Treningu i&nbsp;Warsztatu Psychologicznego, O\u015brodek INTRA), trener \u201eSzko\u0142y dla Rodzic\u00f3w i Wychowawc\u00f3w.(ORE ), praktyk metody Kids Skills \u201eDAM RAD\u0118!\u201d oraz metody \u201eJESTEM Z CIEBIE DUMNY!\u201d Absolwentka rocznej szko\u0142y &#8222;Terapia poznawczo-behawioralna dzieci i m\u0142odzie\u017cy&#8221;,(Poza Schematami) posiada licencj\u0119 podstawowego stopnia doradcy zawodowego (UW)<br><\/li><li>Posiada ponad 20-letnie do\u015bwiadczenie zawodowe w szeroko poj\u0119tym obszarze psychologii pracy oraz w obszarze edukacji.<br><\/li><li>Do\u015bwiadczenie zawodowe zdobywa\u0142a pracuj\u0105c jako psycholog w s\u0142u\u017cbach mundurowych (Stra\u017c Graniczna), w publicznych s\u0142u\u017cbach zatrudnienia( Wojew\u00f3dzki Urz\u0105d Pracy ),w szczeci\u0144skiej o\u015bwiacie( Liceum Muzyczne, Katolickie Liceum Og\u00f3lnokszta\u0142c\u0105ce oraz Wy\u017csza Szko\u0142a Humanistyczna)<br><\/li><li>Prowadzi\u0142a zaj\u0119cia indywidualne i grupowe jako trener, doradca zawodowy oraz psycholog w licznych projektach unijnych &#8211; mi\u0119dzy innymi: :\u201eWinda do pracy\u201d &#8211; \u201eSpecjalizacja I stopnia \u2013 pracownik socjalny\u201d \u201eKobieta potrafi \u2013szansa na samorealizacj\u0119\u201d \u201eDoradca zawodowy i po\u015brednik pracy w standardach unijnych&#8221; \u201ePraca jest blisko-program aktywizacji zawodowej w powiatach nadmorskich\u201d \u201eKompetentny ucze\u0144 na rynku pracy\u201d \u201eKompetencje zawodowe szans\u0105 na lokalnym rynku pracy\u201d \u201eSkuteczne kszta\u0142cenie zawodowe w Technikum SCI\u201d \u201eZawodowcy\u201d<br><\/li><li>Specjalizuje si\u0119 w&nbsp; psychologii pracy (diagnozie zawodowej) oraz zaj\u0119ciach warsztatowych z zakresu psychologii \u2013 jak to sama nazywa \u2013 przyjaznej ludziom. Pracuje indywidualnie w zakresie wsparcia w sytuacjach trudnych. W &nbsp;swojej pracy \u0142\u0105czy psychologi\u0119 z doradztwem zawodowym oraz elementy coachingu kariery.<br><\/li><li>W naszej poradni zajmuje si\u0119 job coachingiem czyli nowoczesnym doradztwem zawodowym oraz diagnozowaniem preferencji oraz predyspozycji zawodowych. Pracuje metod\u0105 Diany Robinson \u201eKim chcia\u0142by\u015b zosta\u0107?\u201d oraz bazuj\u0105c na odkrywaniu potencja\u0142u osobowo\u015bciowego w uj\u0119ciu Hollanda. <br><\/li><li>Prywatnie \u017cona, mama dw\u00f3jki nastolatk\u00f3w, fanka polskich g\u00f3r, polskiej ceramiki z Boles\u0142awca, Czech oraz ksi\u0105\u017cek i filmu.<\/li><\/ul>\n\n\n\n<p class=\"has-text-align-center\"><em>\u201eJe\u017celi kochasz, czas zawsze odnajdziesz, nie&nbsp;maj\u0105c nawet ani jednej chwili\u201d<\/em><br><em>x.&nbsp;Jan Twardowski<\/em><\/p>\n\n\n<\/div>\n\n\n\n<p class=\"has-light-green-cyan-background-color has-text-color has-background has-medium-font-size\" style=\"color:#011a25\"><strong>El\u017cbieta Linartowicz<\/strong>\n<span style=\"float:right\"><span class=\"collapseomatic \" id=\"id6a0505378f194\"  tabindex=\"0\" title=\"\"    ><\/span><div id=\"target-id6a0505378f194\" class=\"collapseomatic_content \">\n\n\n\n<div class=\"wp-block-group\"><div class=\"wp-block-group__inner-container is-layout-flow wp-block-group-is-layout-flow\">\n<div class=\"wp-block-image\"><figure class=\"alignright size-large is-resized\"><img loading=\"lazy\" decoding=\"async\" src=\"http:\/\/psychoterapia.jestemija.pl\/wp-content\/uploads\/2022\/03\/linartowicz.jpg\" alt=\"\" class=\"wp-image-692\" width=\"215\" height=\"306\" srcset=\"http:\/\/psychoterapia.jestemija.pl\/wp-content\/uploads\/2022\/03\/linartowicz.jpg 587w, http:\/\/psychoterapia.jestemija.pl\/wp-content\/uploads\/2022\/03\/linartowicz-210x300.jpg 210w\" sizes=\"auto, (max-width: 215px) 100vw, 215px\" \/><\/figure><\/div>\n\n\n\n<p><strong>Pedagog, doradca zawodowy, trener grupowy<\/strong><\/p>\n<\/div><\/div>\n\n\n\n<ul class=\"wp-block-list\"><li>Uko\u0144czy\u0142a pedagogik\u0119 na Wy\u017cszej Szkole Pedagogicznej w Krakowie<\/li><li>Absolwentka kurs\u00f3w :<ul><li>\u201eEwaluacja program\u00f3w profilaktycznych\u201d poziom I (certyfikat )<\/li><li>\u201eWychowanie bez przemocy\u201d wg terapii Gestalt z Krakowa (certyfikat)<\/li><li> \u201eSzko\u0142a dla Rodzic\u00f3w \u2013\u201e Jak m\u00f3wi\u0107, \u017ceby dzieci nas s\u0142ucha\u0142y, jak s\u0142ucha\u0107, \u017ceby dzieci do nas m\u00f3wi\u0142y\u201d wg metody A. Faber i E. Mazlish<\/li><\/ul><\/li><li>Certyfikowany trener zaj\u0119\u0107 warsztatowych (Akademia Trenera), a tak\u017ce Trener relacji interpersonalnych<br><\/li><li>Przez wiele lat prowadzi\u0142a pierwsz\u0105 w Szczecinie Niepubliczn\u0105 Poradni\u0119 Psychologiczno-Pedagogiczna Akademos.<br><\/li><li>Swoje do\u015bwiadczenie zawodowe zdobywa\u0142a jako asystent na szczeci\u0144skich uczelniach wy\u017cszych tj Instytut Kszta\u0142cenia Nauczycieli i Bada\u0144 O\u015bwiatowych Uniwersytet Szczeci\u0144ski. Przez wiele lat prowadzi\u0142a w Wy\u017cszej Szkole Bankowa zaj\u0119cia z doradztwa zawodowego os\u00f3b niepe\u0142nosprawnych Pracuj\u0105c w Wojew\u00f3dzka Poradnia Wychowawczo \u2013 Zawodowa w Szczecinie (obecnie Centrum Psychologiczno-Pedagogiczne odpowiedzialna by\u0142a za O\u015brodek Orientacji i Poradnictwa Zawodowego Przez 17 lat wspiera\u0142a m\u0142odzie\u017c i rodzic\u00f3w w Katolickim Liceum Og\u00f3lnokszta\u0142c\u0105cym w Szczecinie<br><\/li><li>Pracuje metod\u0105 wspomagania wg koncepcji prof. Z. B. Gasia (certyfikat), jest&nbsp; trenerem warsztatu umiej\u0119tno\u015bci psychospo\u0142ecznych,&nbsp; specjalistk\u0105 w zakresie zachowa\u0144 suicydalnych, prowadzi\u0142a liczne interwencja kryzysow\u0105, a tak\u017ce warsztaty dla Rad Pedagogicznych.<br><\/li><li>W naszej poradni zajmuje si\u0119 doradztwem zawodowym oraz wsparciem bab\u0107 i dziadk\u00f3w w rozumieniu swoich wnuk\u00f3w \ud83d\ude09 <br><\/li><li>Prywatnie szcz\u0119\u015bliwa \u017cona, mama 3 doros\u0142ych dzieci i babcia wielbicielka teatru, filmu i \u2026 szczeci\u0144skiego kina Pionier. W 2010 roku otrzyma\u0142a tytu\u0142 Mecenasa Os\u00f3b Niepe\u0142nosprawnych.<\/li><\/ul>\n\n\n<\/div>\n","protected":false},"excerpt":{"rendered":"<p>Maja Mazurkiewicz-Obst El\u017cbieta Linartowicz<\/p>\n","protected":false},"author":1,"featured_media":0,"parent":0,"menu_order":0,"comment_status":"closed","ping_status":"closed","template":"","meta":{"ngg_post_thumbnail":0,"footnotes":""},"class_list":["post-1251","page","type-page","status-publish","hentry"],"_links":{"self":[{"href":"http:\/\/psychoterapia.jestemija.pl\/index.php\/wp-json\/wp\/v2\/pages\/1251","targetHints":{"allow":["GET"]}}],"collection":[{"href":"http:\/\/psychoterapia.jestemija.pl\/index.php\/wp-json\/wp\/v2\/pages"}],"about":[{"href":"http:\/\/psychoterapia.jestemija.pl\/index.php\/wp-json\/wp\/v2\/types\/page"}],"author":[{"embeddable":true,"href":"http:\/\/psychoterapia.jestemija.pl\/index.php\/wp-json\/wp\/v2\/users\/1"}],"replies":[{"embeddable":true,"href":"http:\/\/psychoterapia.jestemija.pl\/index.php\/wp-json\/wp\/v2\/comments?post=1251"}],"version-history":[{"count":3,"href":"http:\/\/psychoterapia.jestemija.pl\/index.php\/wp-json\/wp\/v2\/pages\/1251\/revisions"}],"predecessor-version":[{"id":1913,"href":"http:\/\/psychoterapia.jestemija.pl\/index.php\/wp-json\/wp\/v2\/pages\/1251\/revisions\/1913"}],"wp:attachment":[{"href":"http:\/\/psychoterapia.jestemija.pl\/index.php\/wp-json\/wp\/v2\/media?parent=1251"}],"curies":[{"name":"wp","href":"https:\/\/api.w.org\/{rel}","templated":true}]}}